e
Is 447159521 prime?
True
Is 8171840249 prime?
True
Is 2223925069 a composite number?
True
Is 11760757681 a prime number?
True
Is 65659255 prime?
False
Is 878106506 a composite number?
True
Is 98534573699 a prime number?
False
Is 3094150861 composite?
True
Is 218119897 composite?
False
Is 276002183 a composite number?
False
Is 23482017929 prime?
True
Is 46374928751 a prime number?
True
Is 3198438271 a composite number?
True
Is 39531423221 a prime number?
False
Is 7557327997 prime?
False
Is 49649928271 prime?
True
Is 332803018 a composite number?
True
Is 306336958 a composite number?
True
Is 529126541 prime?
True
Is 7126618133 composite?
True
Is 2683132531 a prime number?
True
Is 72177461387 composite?
False
Is 3098173961 composite?
False
Is 995837819 composite?
False
Is 140125058 a composite number?
True
Is 52798739593 prime?
False
Is 3236254361 a prime number?
True
Is 8001171161 prime?
False
Is 341318249 a composite number?
False
Is 97230789451 composite?
True
Is 20482776455 prime?
False
Is 1696854671 composite?
False
Is 25444579 a prime number?
True
Is 464794909 a composite number?
True
Is 3981357353 prime?
False
Is 101396377 a prime number?
False
Is 401718139393 a prime number?
True
Is 4771903159 composite?
False
Is 7284481109 composite?
True
Is 284066459 a prime number?
False
Is 397727159 composite?
True
Is 52947378161 prime?
True
Is 20220322523 a composite number?
False
Is 2877833837 a composite number?
False
Is 1588682603 a prime number?
True
Is 732979073 a composite number?
False
Is 79569957041 prime?
False
Is 9670821701 a composite number?
True
Is 14770453697 prime?
False
Is 24082096837 composite?
False
Is 1535249285 composite?
True
Is 66293371741 prime?
False
Is 584229137 a composite number?
True
Is 90641039 prime?
False
Is 753888451 prime?
True
Is 280539521 prime?
True
Is 5224683913 prime?
True
Is 2112390611 prime?
False
Is 71907313 prime?
False
Is 26424755813 composite?
False
Is 75680767303 a composite number?
False
Is 34031167 prime?
True
Is 90660795223 a prime number?
True
Is 94599776783 a prime number?
True
Is 329932567 prime?
False
Is 2795638529 composite?
False
Is 2866942495 a prime number?
False
Is 6733900963 a composite number?
False
Is 2992145101 composite?
True
Is 5080655483 composite?
False
Is 36839623 composite?
False
Is 374094311 prime?
False
Is 19293518767 a prime number?
True
Is 25327980877 a composite number?
True
Is 14141030791 a prime number?
False
Is 159326371 a composite number?
False
Is 80552789 prime?
True
Is 794489537 prime?
True
Is 87849733 a prime number?
False
Is 1794235787 prime?
True
Is 991416445 a prime number?
False
Is 1618437493 composite?
False
Is 256541056187 prime?
False
Is 91382685427 a prime number?
False
Is 8386532465 a prime number?
False
Is 750496403 prime?
False
Is 82848111871 a composite number?
True
Is 158116225639 a prime number?
True
Is 4848038413 a prime number?
True
Is 61203280165 a composite number?
True
Is 269225702641 a composite number?
True
Is 2194401647 a prime number?
True
Is 1190586029 prime?
False
Is 3911929115 composite?
True
Is 255113299 a composite number?
True
Is 29887346341 prime?
True
Is 6390220079 a composite number?
True
Is 19939015713 a prime number?
False
Is 3049130995 a prime number?
False
Is 70027651 prime?
True
Is 18733215619 a prime number?
False
Is 150960539 prime?
True
Is 2165779069 a prime number?
False
Is 197097073 a composite number?
False
Is 65648480153 prime?
False
Is 6662393713 composite?
True
Is 5089888789 a prime number?
False
Is 1461195367 prime?
False
Is 5377497718 a composite number?
True
Is 84334381 a prime number?
True
Is 47473542551 a composite number?
False
Is 890247773 prime?
False
Is 98098637399 prime?
False
Is 46633963501 prime?
False
Is 1159064741 a prime number?
True
Is 2515522501 composite?
False
Is 264909441349 composite?
True
Is 1264257173 a composite number?
True
Is 710046451 composite?
True
Is 2957046991 prime?
False
Is 895143211 a prime number?
False
Is 797425009159 a composite number?
False
Is 6822784883 a composite number?
True
Is 246852173 a composite number?
False
Is 1345524157 a composite number?
False
Is 97073891 prime?
False
Is 285268219 prime?
False
Is 73433717053 a composite number?
True
Is 66853658 prime?
False
Is 7212464474 composite?
True
Is 1882031639 prime?
False
Is 740749795 prime?
False
Is 254262877221 prime?
False
Is 93513662899 composite?
False
Is 219767902 composite?
True
Is 3479056285 prime?
False
Is 2493472223 a prime number?
False
Is 991066821 composite?
True
Is 3824639563 a composite number?
False
Is 333614693 composite?
False
Is 144028962923 a prime number?
False
Is 29542266899 a prime number?
True
Is 8121476243 composite?
True
Is 12313412831 composite?
False
Is 27752474147 a prime number?
False
Is 13443577841 prime?
True
Is 964581729 a composite number?
True
Is 162335214127 a composite number?
False
Is 18253212071 composite?
True
Is 27520448467 a prime number?
True
Is 421020329 prime?
True
Is 481288073 a composite number?
True
Is 1231889891 composite?
False
Is 2054139917 a composite number?
True
Is 4225904533 composite?
False
Is 104364374437 a prime number?
True
Is 322360561 a composite number?
False
Is 18903977245 prime?
False
Is 5056068857 a prime number?
False
Is 48644716333 prime?
False
Is 6638678003 a composite number?
True
Is 8240834671 composite?
False
Is 8336595347 a prime number?
True
Is 84751 a composite number?
False
Is 268553237 composite?
True
Is 153477133 composite?
False
Is 14355500299 prime?
False
Is 27620771489 prime?
False
Is 33534062687 prime?
True
Is 808517989 a composite number?
True
Is 384545989 prime?
True
Is 34447908305 a composite number?
True
Is 3399259613 prime?
True
Is 122931421 prime?
False
Is 809857885 composite?
True
Is 6517989857 prime?
True
Is 9402772231 a prime number?
False
Is 37858361819 a prime number?
True
Is 102316754359 composite?
True
Is 84159378761 a composite number?
False
Is 1757147501 a composite number?
True
Is 429322889 a composite number?
False
Is 3524643611 a composite number?
True
Is 450554591 prime?
True
Is 1543614077 a prime number?
True
Is 26221573 a composite number?
True
Is 16970999537 prime?
True
Is 5088523939 prime?
False
Is 148520809 prime?
True
Is 57105799 a composite number?
True
Is 2083977097 composite?
True
Is 837233191 composite?
True
Is 914663623 prime?
True
Is 985767773 a prime number?
True
Is 593667491 prime?
True
Is 786353567 composite?
False
Is 10429428931 a prime number?
True
Is 5071921513 a prime number?
True
Is 75891750487 prime?
False
Is 33271001 prime?
True
Is 16715359469 composite?
False
Is 128085090541 prime?
True
Is 4860660991 composite?
False
Is 619130999 prime?
True
Is 5425770737 a prime number?
True
Is 460342823 composite?
False
Is 212230122517 prime?
False
Is 435203809 a composite number?
False
Is 929797949 composite?
True
Is 23178943679 a composite number?
False
Is 2155216729 a composite number?
False
Is 1292879641 composite?
True
Is 2285177269 prime?
True
Is 242203705307 composite?
False
Is 12261284141 composite?
False
Is 20320081519 a prime number?
False
Is 9815095533 a prime number?
False
Is 21447592363 a prime number?
True
Is 1746849323 composite?
False
Is 161082050513 a prime number?
True
Is 37894016201 prime?
False
Is 404095039 composite?
False
Is 705728189 prime?
True
Is 17715849001 prime?
True
Is 1200437215 prime?
False
Is 7293959579 a composite number?
True
Is 76386664993 a composite number?
False
Is 10665105133 a prime number?
True
Is 41859444994 composite?
True
Is 1156778173 a composite number?
False
Is 12394700231 a prime number?
True
Is 529294333 a composite number?
True
Is 6055426581 prime?
False
Is 21277144601 a prime number?
True
Is 1303471073 a composite number?
True
Is 69614159 a prime number?
False
Is 4802193251 a composite number?
False
Is 2092130351 a composite number?
True
Is 33886845247 composite?
True
Is 6411985757 prime?
True
Is 1176632053 prime?
False
Is 4455473393 a prime number?
False
Is 707095157 a composite number?
False
Is 332232931 prime?
True
Is 1589790859 a prime number?
True
Is 107575345 a prime number?
False
Is 3025274909 a composite number?
True
Is 3827290549 a composite number?
False
Is 1402038863 prime?
True
Is 185320225411 prime?
False
Is 254281201 a prime number?
True
Is 4292616137 prime?